-5 - -8)?
-6
What is the value of -5 - (14 + -12 - 2)?
-5
What is -2 + (0 - 0) + (-25 - -32) + -19?
-14
Calculate -9 + 24 - (1 + (2 - 4)).
16
(-14 - -12) + 12 - 7 - (0 - -2)
1
What is the value of -31 + -5 + 34 + -19 + -2?
-23
(5 - 20) + (6 - (-5 + -1))
-3
What is -23 - (3 + -4) - (-725 - -726)?
-23
(14 - (-1 + 5)) + -25
-15
Evaluate (-14 - 0) + -3 - ((-4 - -3) + 2).
-18
Calculate 7 - (-12 - -3 - (-17 - 4)).
-5
What is 6 + -9 + -2 + 0 + 11?
6
What is the value of -104 - -111 - (0 + 4 + 0)?
3
What is the value of -2 - (-7 + (-4 - 0) + 3) - -3?
9
Evaluate (-9 - (22 - 21)) + 23.
13
(-11 + (6 - 11) - -4 - -3) + 4
-5
What is the value of -5 + -15 + (-10 - -19)?
-11
Evaluate 7 + (-19 - -17) - 9.
-4
What is the value of 11 + (27 - 18) + -8?
12
What is the value of (5 - -31) + -63 + 28?
1
Calculate (-1 - (-7 + (-3 - -7))) + 3.
5
What is the value of (2 - -4) + -2 + -395 + 396?
5
What is -14 + 3 - (5 + (-38 - -19))?
3
What is the value of 9 - 49 - (1 + -23)?
-18
Calculate -2 + -4 + 6 - (7 + -14).
7
0 + 32 + (-1191 - -1182)
23
What is the value of 20 - (-17 + 16) - 34?
-13
Calculate -77 + 49 - (1 + -52).
23
(22 - 14) + (-4 - -17) - (5 - 0)
16
-44 - (17 + -35) - -16
-10
-3 - (-3 + 0) - (5 - 18)
13
Calculate 8 - 1 - (-266 + 264).
9
What is the value of 64 + -61 - (-13 - (7 - 7))?
16
Calculate (7 - (6 - -3) - (-11 - 1)) + -2.
8
What is 0 + 1 - (80 + -95)?
16
What is the value of -2 + -17 + -10 - -21?
-8
What is 0 - ((1 - 9 - (7 + -5)) + 4)?
6
-8 + (0 - -12) + 5 + 1 - 1
9
What is the value of -44 + 37 + 51 + -48?
-4
What is the value of -15 + 13 - (4 - ((1 - -4) + 1))?
0
What is the value of (19 + -9 + -3 - -6) + 5?
18
Calculate 29 + (9 - 107) + 32.
-37
Evaluate (-5 - 7) + 9 - -6 - -4.
7
Evaluate 0 - (2 - (1 + 6 - (34 - 28))).
-1
What is the value of (-2 - 0) + (-23 - -26) - (-17 - 1)?
19
Evaluate 1 - (1 + -9 + 7) - (-1 + 3).
0
Calculate -34 + 47 + 1 + (5 - 8 - 1).
10
What is the value of (15 - 5) + 21 + -31?
0
Evaluate -14 - (14 + -1 - (-15 + 2 + 20)).
-20
What is the value of 13 - (92 + -30 - 27)?
-22
-3 - ((1 - -6) + (-8 + 4 - 3))
-3
-2 + 1 + 3 - (-4 - 0 - -2)
4
13 + (5 + 0 - 9)
9
What is 4 - (1 + 1 - (3 - -1)) - 6?
0
19 - (3 - 3) - 21
-2
Calculate -3 - 9 - (-108 + 94).
2
What is 1 + 13 + (1098 - 1105)?
7
22 + -1 + (16 - 8 - 17) - -2
14
Evaluate 2 + (-5 - -8) - 5 - -3 - -9.
12
Calculate -25 + 43 - 27 - -19.
10
Evaluate 0 + 48 + -27 + (1 - -2).
24
Calculate -1 - (1 - 14 - (14 - 18)).
8
-8 + (23 + -19 + (2 - 1) - 19)
-22
What is -1 + 8 - (140 + -130)?
-3
15 - ((-6 - -43) + -3 + 0)
-19
Calculate -13 + 14 + -15 - -28.
14
What is the value of 12 - 1 - 23 - -12?
0
Evaluate -1 - (14 - -12 - 9).
-18
Evaluate -1 + 0 + (14 - -1) + -14 + 10.
10
Calculate (-1 - 1) + 3 - (-9 + (-6 - -16)).
0
Calculate 10 + (2 - -1) + -7 - -2.
8
Evaluate 16 - 11 - (-10 + 0).
15
What is the value of 33 + 36 + -46 - 21?
2
What is the value of -2 - (-5 + 3 + 8 + -7)?
-1
What is the value of 26 - (-6 + (26 - 5) - 18)?
29
Calculate -96 + 110 + (6 - 36).
-16
Calculate -25 + (-20 - -35) + 15.
5
(-14 - -1) + -2 + -8 + (19 - 16)
-20
What is (12 - 21 - 19) + 12 + -2 + 2?
-16
2 + -1 - (-9 + (1 - -7) + 10)
-8
Calculate -64 - -9 - (-39 + 3).
-19
What is the value of 11 - (-1 - -1) - ((43 - 17) + -21)?
6
(-3 - 0 - (-28 - -29)) + (9 - 2)
3
Evaluate (59 - 79) + (1 - -27).
8
16 + (-14 - -1) + (-274 - -282)
11
Calculate 15 + -30 + 12 + 2.
-1
What is the value of -9 - -13 - ((-5 - -8 - 5) + -1)?
7
Calculate (1 - -1) + -15 + 10 + (-14 - -11).
-6
Calculate 2 + -4 + 2 - -8 - (186 + -184).
6
What is -2 + -4 - -1 - (-25 + -68 + 94)?
-6
What is the value of -13 + (-1 - 5 - -27)?
8
What is 22 + -10 + 9 - 31?
-10
-19 + 15 + 16 + -4
8
(-3 + 9 - 6 - 8) + 9
1
Evaluate 3 - 12 - (10 + (-8 - (-20 - -4))).
-27
Evaluate -11 - (-4 + 3 - (16 + 10)).
16
-33 - (15 + -3 - (-5 - -15 - -14))
-21
What is the value of 2 - (8 - (4 + -1)) - (0 - -1)?
-4
What is 9 + (2 - (-5 + -2 + 39))?
-21
What is the value of (11 - 12) + (2 - 3) + 2?
0
Calculate (9 - 12 - -17) + -12.
2
Evaluate (3 + -22 - (0 - 9) - -19) + 0.
9
Calculate (9 - 0) + 10 + -19 + 4 + -2.
2
What is the value of -31 + (-17 - -33) - -11?
-4
What is -9 - 0 - (-7 + 11 + -2 - 8)?
-3
Calculate 12 + (4 - (35 + -14)).
-5
What is 4 + (-5 - 14 - -7) + 0 + -5?
-13
Calculate 19 + (-8 - 10) - -3.
4
(3 - (0 - 2 - 1)) + (-31 - -16)
-9
What is (-31 + 1 - -7) + 5 + 2?
-16
Evaluate 5 + (-54 + 29 - -25).
5
Calculate (3 - 33) + 40 + -91 + 46.
-35
Evaluate 3 - 4 - (2 - (-3 - -21) - -2).
13
-5 + (14 - (8 + 2)) + -12 + -1
-14
Evaluate 0 + (5 - 2) + 2 + -9.
-4
Calculate 36 + (-24 - (-39 + 49)).
2
What is (7 - 24 - -21) + 11?
15
What is 8 - (-8 + 15 + -14) - (-2 + -2)?
19
789 + -793 - (-4 - (1 - 0))
1
Calculate -15 - (-14 + -19 + 13).
5
What is the value of 5 + (-6 - (25 + -14))?
-12
What is (2 - -8) + -17 - (-10 + 30)?
-27
What is 42 - 50 - (-1 + 2)?
-9
-24 - -10 - (-2 - (0 + 1))
-11
What is -11 - (12 + (-2 - 9 - 5))?
-7
Calculate -2 + (8 - 3) - (0 + -15).
18
Calculate 5 + (26 - (59 + -17)).
-11
What is -8 + (-11 - (-6 + (6 - 20)))?
1
Evaluate 26 + 25 + (25 - 65).
11
Evaluate -2 + (-5 - (-12 + 3) - -15).
17
Calculate (-11 + 18 - 16) + (0 - -3).
-6
Evaluate -17 + (5 - -10 - 4).
-6
3 + 3 + -27 + 21
0
Calculate -18 - -18 - (19 + -17).
-2
-10 - (3 - 7) - -8 - 0
2
What is the value of -13 + (-21 - -12) - -32?
10
Evaluate -37 + 51 + (0 - 4) + 2 + 5.
17
What is (-6 - -3) + (-13 - -30) + -2?
12
What is 44 - 39 - (-6 - -4)?
7
Calculate (-12 - -4) + 10 + 0.
2
What is 54 + -37 + -65 + 25?
-23
Evaluate (-1 - -14 - 1) + 9 + 3 + 10.
34
(-3 - (4 + -9)) + -8 - 2
-8
Evaluate 1 + (-4 + -7 - -26 - 34).
-18
Evaluate -9 + (8 - ((7 - (-8 - -14)) + 7)).
-9
What is 150 + -153 - (3 + 1)?
-7
6 + (-2 - (5 + (-5 - 7))) + 4
15
Calculate (1 - (2 - 18 - -26)) + 0 + 22.
13
Evaluate (-18 - -11) + (4 - 15 - -4).
-14
-14 + 36 + (-5 - 7)
10
Evaluate -2219 + 2206 - (2 - 4 - 9).
-2
-22 + 21 + 11 + 2
12
What is 4 - (7 - 2) - (2 + -16) - 1?
12
Evaluate (-6 + 5 - -2) + (-21 - -1 - -6).
-13
What is the value of 5 - (-7 + (-1 - -22 - -7)) - 1?
-17
Evaluate -5 + (-2 - (2 + 2) - (-42 - -42)).
-11
What is the value of (42 - 81) + 32 - (2 + -10)?
1
What is (84 - 30) + -48 + (-1 - (-2 + 2))?
5
What is 6 - (-334 + 344 + -7 + 1)?
2
Calculate -7 + (4 - 13 - -9).
-7
What is the value of 7 + 2 + (12 - (5 + -3))?
19
-5 + -1 - -13 - (2 + 5 - 3)
3
What is the value of -7 + 0 + 5 - (-41 - -65) - -2?
-24
Evaluate 1 + -15 + (6 - (5 - 1)).
-12
What is the value of 6 + (10 + -1 - 1 - (-7 + 34))?
-13
Calculate -12 - ((2 - -10) + 14 + -19).
-19
Evaluate (-28 - -14) + (-5 - (-5 - 2) - 2).
-14
(18 - 8) + (-2 - 5) + -11
-8
What is the value of -8 - -1 - (-1 + 4 + 9)?
-19
Evaluate 4 - 2 - (-1 - -16 - 12) - -13.
12
-4 + -3 + 8 + (-16 - -18) + -39
-36
Evaluate 10 + 4 + (-19 - -6) - (0 + 1).
0
What is the value of (47 - 59 - (1 - -7)) + 4?
-16
Evaluate 1 - (6 + 10 + -7 + -6).
-2
-1 - 13 - (270 + -285)
1
Evaluate 9 - ((6 - 1) + -3 + 7 - -17).
-17
Calculate -30 + 11 + (-10 - -14).
-15
What is -1 + -4 + (-7 - -19)?
7
What is 6 + -18 + (11 - 6 - -3)?
-4
20 - 26 - -36 - 20
10
What is the value of 16 - (-1 - (-159 + 159 - (3 - 1)))?
15
-3 - ((36 + 7 - 6) + -18)
-22
Evaluate 1 - 11 - (-45 - -3 - -21).
11
-1 + -2 + (-8 - (-9 - 7))
5
Evaluate 22 + -24 + (-16 - -8).
-10
What is -11 - (4 - 12) - 2?
-5
7 - (-4 + 0) - 12
-1
What is the value of -11 + 1 + -12 + (11 - 9)?
-20
What is the value of -75 + 60 + 9 + -6 + 44?
32
Calculate 0 - (-7 + 59 + -18).
-34
1 + 1 + 68 + -62
8
What is the value of (-3 - (-2 - 7)) + (-1 - 5) + 7?
7
What is 31 + -1 + 270 + -286?
14
What is the value of 17 + -3 + 6 + 8 + -10 + -1?
17
What is 1091 + -1097 - (1 - -5)?
-12
What is the value of 0 - ((21 - 22) + 2 + (2 - 2))?
-1
Evaluate 1 - (-12 - (0 + -4) - -2 - 11).
18
Evaluate 9 - (-10 + (-19 - -21)).
17
What is (-8 - (-12 - 3)) + -20?
-13
Evaluate 6 + 2 - (77 - 77).
8
What is the value of 4 - (0 + 3 + -3 - (30 - 38))?
-4
(2 - 9) + (18 - 1) + (-26 - -29)
13
What is the value of -26 + 1 + 25 + 51 + -64?
-13
Evaluate (843 - 845) + (-19 - 2).
-23
Calculate -32 - (-29 - (9 + -32)).
-26
What is -7 + (17 - (19 + 0))?
-9
Evaluate 104 - 83 - (1 - 3 - -12 - 2).
13
What is the value of 5 - (10 - (2 + 19 - 7))?
9
What is -1 - (-1 + (-6 - -7) + (12 - 14))?
1
Evaluate (14 - 0) + -39 + 22.
-3
What is the 